 (-4 - (3 - 7)) + 0.
0
Evaluate 1 - (0 - (2 - 9)).
-6
What is (1 - (0 - -3)) + 2 + -4?
-4
Evaluate 3 + 1 + (10 - (15 - 8)).
7
What is 8 + (-8 - 4 - -8)?
4
Evaluate -3 - (5 - (5 + (8 - 4))).
1
What is the value of (-3 + 0 - -2) + (2 - 9)?
-8
Calculate -1 + 8 - (2 - -3).
2
What is the value of 0 - -1 - (-4 + 4)?
1
Evaluate 10 - (2 - 3) - (4 - -2).
5
What is (-1 + -8 - -16) + -2?
5
What is 0 + -1 + 2 + -1?
0
Evaluate (-4 - -3) + -2 + (3 - -2).
2
What is the value of 3 - (6 - 0) - (-21 - -22)?
-4
What is the value of 2 + -6 - (-25 + 28)?
-7
Calculate (-5 - 4) + 6 + -4.
-7
Evaluate -7 + 10 - (0 - 1) - 9.
-5
Evaluate 2 + (-4 - (-5 - 3) - 1).
5
What is the value of -2 - (-2 - -1) - (-1 + -1)?
1
Calculate 7 + -15 + 8 + -4.
-4
What is 4 + (-4 - (2 + -4 - 2))?
4
Calculate 0 - (-2 + -2 + -3 + 6).
1
What is the value of -1 - (1 + 2 + -1 + 2)?
-5
What is the value of -2 + 6 + 1 + -7?
-2
Evaluate -4 - (-1 + 3 + 4).
-10
Calculate 3 + -8 + (4 - 2).
-3
Evaluate (-5 - -2) + -3 + -4 - -2.
-8
What is the value of 10 - (-7 + 4 - -7)?
6
Calculate 11 + -1 + -7 - (-1 - -1).
3
What is -1 + 2 - 3 - -4?
2
Evaluate 14 + -18 - (5 - -2).
-11
Calculate -3 - (-2 + -6 + 0).
5
What is 2 + (0 - -2) - 11?
-7
-11 + 3 + 5 + 2
-1
What is the value of 4 + (4 + -7 - -8 - 9)?
0
Evaluate -4 + 1 + -3 + -4 + 5.
-5
What is (2 - 6) + 1 + 2 + 0?
-1
What is 3 + 1 + (1 - -2 - 2)?
5
What is 4 - ((6 - -2) + -5 + 3)?
-2
What is the value of -11 - -12 - 6 - (0 + -3)?
-2
What is the value of 7 + -3 - (-2 + 1)?
5
4 + -2 - (-3 - -4)
1
-3 - (2 - (0 + 0 + 0))
-5
-7 + 9 + 0 + -4
-2
What is (5 - 9) + (-2 - (4 + -2))?
-8
Evaluate -1 - (-12 - -5) - 4.
2
Calculate 2 - 1 - (-2 - (-3 + 3)).
3
8 - ((5 - 14) + 24)
-7
What is -12 - (4 + -3 + -7)?
-6
-7 + 0 + -9 + (15 - 2)
-3
What is -2 + 4 + (5 - 4)?
3
Calculate -5 + 12 + 4 + -10.
1
Calculate 9 - (-14 + 25 + -8).
6
Calculate 2 + (1 + 2 + -5 - 7).
-7
What is the value of -3 + (6 - (-4 + 3 + -1))?
5
What is the value of -82 + 84 + (-2 - (6 + -2))?
-4
Evaluate (-27 - -38) + (1 - 20).
-8
What is 4 + 0 + (-3 + 0 - -1)?
2
What is the value of 1 + (-4 - (-3 + -3))?
3
Calculate 1 + -7 - (2 + -7).
-1
What is -8 + 3 + -2 + 7?
0
Evaluate 7 + 2 + -75 + 75.
9
What is the value of 130 + -131 + (1 - 2) + 1?
-1
What is -1 + (-1 - 0) - (5 - 4)?
-3
What is the value of -7 + 4 - (2 + 5 + -10)?
0
What is the value of -7 + (24 - 11) + -6?
0
What is the value of (11 - 8 - (5 + 0)) + 3?
1
0 - 4 - (-2 - 7) - 0
5
What is -4 + (3 - 0 - (-10 + 4))?
5
-5 - -2 - 5 - (-53 - -46)
-1
What is the value of 11 + (-4 - -2 - (1 + 3))?
5
Evaluate 1 - (0 - -1) - (-15 + 12).
3
(2 - 1) + 1 - (-3 + 2)
3
Calculate 0 - -10 - (7 + 2).
1
5 + -4 + -3 - (1 - 1)
-2
Evaluate 17 + -5 + (-2 + -12 - -8).
6
What is -1 + (4 - (3 + 4))?
-4
What is 1 + (-4 + 0 - -4)?
1
Calculate -13 + (10 - 8) - -4.
-7
Calculate 4 + (1 - -1) + 14 + -16.
4
Evaluate -2 + -5 - 2 - -9.
0
Calculate -2 + -4 + 2 + 6 + -5.
-3
-4 + 1 + (-10 - -13)
0
Evaluate 8 + 3 + -5 + 0.
6
Evaluate (-5 - 5) + 5 + 5 - -6.
6
Calculate -1 + -3 + 2 + 0.
-2
What is the value of (3 - 2) + 10 + -5 - 3?
3
Calculate (-14 - (-11 - 2)) + (-1 - -8).
6
Calculate 15 - 8 - (-3 - -4).
6
Evaluate -4 - (-7 + -2 + 7).
-2
Calculate -17 - -10 - (-7 + 2).
-2
What is the value of -14 + 3 + (-8 - -11)?
-8
What is 0 + -6 + 7 + 3?
4
Calculate -1 - ((-9 - -13) + -2 + 3).
-6
-7 + -1 - (8 + -12)
-4
What is the value of -7 + -3 + 8 + 7?
5
Calculate 0 + 1 + (-25 - -28).
4
What is (0 - -8) + (-90 - -76)?
-6
Calculate -2 + (-9 - (-4 + -11)).
4
What is 4 + -7 + (-2 - (-7 - -2))?
0
Evaluate -4 - (-10 + 6 + (-1 - -2)).
-1
Evaluate -9 + -4 + (-6 - 1 - -9).
-11
-246 + 245 + 0 + (0 - -1)
0
-1 - -1 - (0 + 4) - -4
0
16 + -13 + 8 + -3 + -4
4
What is the value of -2 + (3 - (-5 + 5)) + -2?
-1
Evaluate -7 - (3 + -13 + 2).
1
(20 - 5) + -5 - 9
1
Calculate (-5 + (3 - 3) - -2) + -2.
-5
What is 4 + 0 + (-3 - -1) - 2?
0
Calculate 4 - ((0 - -3) + -1).
2
Evaluate -7 + (8 - 4) - -2.
-1
What is the value of 1 - -1 - (1 + -1)?
2
What is the value of -3 + (2 + 5 - (2 + -1))?
3
What is the value of 1 - (-2 + 5) - 3?
-5
What is -5 - -13 - (6 - (-3 - -10))?
9
3 + 2 + 2 + (36 - 48)
-5
What is the value of 5 - 1 - 0 - (104 - 102)?
2
What is 4 + -9 - (-1 - 4)?
0
Evaluate (5 - 4) + (-3 - (5 - 6)).
-1
What is the value of -1 - -1 - (-27 + 28) - 1?
-2
Calculate -4 - (0 - 5 - 1).
2
Evaluate 7 + 0 + -1 + -5.
1
What is 0 - (-1 - 4) - 4 - 1?
0
(1 - 2) + (-9 - -14)
4
What is the value of (1 - 5) + (4 - 13 - -8)?
-5
What is the value of 2 - (8 + 0 + 4 + -7)?
-3
-1 - -8 - (31 + -27)
3
-6 + 0 - (22 + -22)
-6
Evaluate 3 + (5 - 3 - 1) + -6.
-2
Calculate 2 - (1 - 1) - -1.
3
What is the value of 0 + (-2 - -3) + -6?
-5
Evaluate (-2 - -8) + -11 + (7 - -2).
4
Calculate (12 - 4) + -5 + 1.
4
Evaluate 2 - -3 - 6 - (1 - -3).
-5
What is -2 + 2 - (0 + 0 - 5)?
5
What is the value of 10 + (-5 - 5) - -7?
7
Evaluate 1 - 0 - (-6 + 2).
5
What is (-4 - -6) + 1 + (9 - 3)?
9
Calculate 3 + (1 - 3 - -4) - 3.
2
Evaluate 1 - -4 - 4 - (5 + -1).
-3
7 + -16 - (-7 + 3 + -1)
-4
What is -3 - -3 - (0 + 8 + -4)?
-4
What is -4 - (-1 + 1) - (68 + -75)?
3
What is (-1 - -3) + 0 - (-15 - -13)?
4
Evaluate -1 + 0 + (1 - 0 - 0).
0
3 - (-1 - (-2 + 1))
3
10 - (-1 + (-8 - -11))
8
What is the value of -4 + (5 - (1 - -4))?
-4
Calculate 0 + (4 - -7) + -5 - 5.
1
-2 - (2 - -11 - 12)
-3
(-3 - -5 - -6) + -4
4
What is 0 - (3 + -4) - (5 + 1)?
-5
Calculate -6 - (-11 - (-10 + 4)).
-1
(13 - 1) + 7 + -17 + 4
6
Calculate -1 - (11 - 8) - (2 - 3).
-3
13 - 13 - (5 + 0)
-5
-7 - ((3 - 2) + -7)
-1
Evaluate (10 - 2) + 1 - 17.
-8
Evaluate 4 - (9 + (5 - 1) + -7).
-2
What is 4 + (-4 - (-1 - -2))?
-1
Calculate 0 - 5 - (-8 - -6).
-3
6 + (8 - (7 + -3)) + -9
1
What is 2 + -1 + 0 + (11 - 10)?
2
Calculate (6 + -6 - (2 - 2)) + 2.
2
What is 1 - (3 - ((-8 - 0) + 6))?
-4
Calculate (-5 - (-10 + 4)) + -2.
-1
(6 - -1 - -2) + -2 - 4
3
(-1 - 1 - (-30 - -24)) + 2
6
What is the value of -8 + -7 + 3 - -6?
-6
(-20 - -18) + (2 - 0) + -1
-1
8 + (-5 - (11 - 4)) + 4
0
Calculate -6 - (3 + -6 + -11).
8
Evaluate 5 + -2 + 6 - 13.
-4
Calculate 6 + -6 + 2 - (-1 + 0).
3
Evaluate -3 - (-1 + 1 + -1 - -3).
-5
What is the value of 5 + 7 + -7 + 2?
7
Evaluate 5 - (-8 + 4 - -6).
3
What is -2 - -6 - (5 + -3 + -3)?
5
Calculate -1 + 5 + (-14 - (14 - 26)).
2
Calculate (-8 - -13 - 15) + 4.
-6
What is the value of (-7 + 4 - 11) + 10?
-4
-4 - -15 - ((1 - -1) + 3)
6
(0 - 1) + (-76 - -75)
-2
What is the value of 1 - (-2 - (3 + -2))?
4
Evaluate 7 + -8 + (5 - -1).
5
3 - -4 - (5 - 4 - 2)
8
What is 5 + ((1 - 9) + 7 - 5)?
-1
6 + -1 + -8 + 0 + 2
-1
34 + -42 + 2 + -1
-7
5 - (11 - 5) - -2
1
3 + -7 - (-1 - 0)
-3
What is the value of 1 - (6 + -4 + 10 - 5)?
-6
Calculate 2 + -2 + -1 - 2.
-3
Evaluate 2 + -4 + -2 + -10 + 19.
5
-4 - ((26 - 19) + (-5 - -1))
-7
What is the value of (6 + -2 - -4) + 0?
8
Calculate 2 - (7 + -2 - (5 + -1)).
1
What is the value of (9 - (-5 - -22)) + 3?
-5
Evaluate -4 + (-5 - -6) + 8 + -9.
-4
What is the value of -3 + 10 - 8 - 2?
-3
Calculate (7 - (8 - 4)) + -6 - -3.
0
What is the value of 6 + -2 + 2 + -7 + 3?
2
Evaluate -2 - 0 - 10 - (38 + -46).
-4
-5 + (13 + -22 - -13)
-1
What is the value of -13 - (4 + -5 + -2 + -2)?
-8
What is 0 + (7 - (0 - -5))?
2
Evaluate (2 - 4) + 0 - (-1 - -4).
-5
Calculate (2 - (-3 + 3)) + (-10 - -7).
-1
What is the value of 6 + (-7 - (-2 + 4))?
-3
Evaluate (-1 - 2) + -10 + 9 + 5.
1
5 + -11 - 2 - -3
-5
What is 78 + -73 - (-4 - (0 - 2))?
7
What is -1 + 0 + 10 - (3 - 2)?
8
(2 - 7) + 5 + -6 + 3
-3
Evaluate 14 + -4 + 3 + -12.
1
What is 3 + -3 + (-5 - (1 + 0))?
-6
Evaluate -2 + 3 - (-4 + 2).
3
What is 0 + 4 + 0 + -2?
2
(2 + -4 - 0) + -20 + 18
-4
What is the value of 1 - 3 - (-1 + (2 - 10))?
7
-1 - -3 - (-12 - -12) - -3
5
What is the value of -3 - 1 - (-30 - -29)?
-3
What is -5 + (3 - 1 - (-4 + 6))?
-5
Evaluate 2 + (3 + -15 - -6).
-4
Calculate 2 + -8 + 7 + -2 + -2.
-3
-1 - (-4 + 2 + -2 + 3)
0
-12 - -3 - (3 + -14)
2
Calculate -7 - (-8 - -5) - -1.
-3
Evaluate 1 - 3 - (-19 + 15).
2
Evaluate (7 - 4) + (7 - 14).
-4
8 + (6 - 15) - (2 + 1)
-4
3 + -11 + 1 + -2 + 4
-5
What is the value of 2 - (-3 - (-5 - (4 - 12)))?
8
What is the value of -12 - (-12 - -24 - 27)?
3
6 + -12 + 3 + (-6 - -9)
0
Evaluate 48 + -36 - (0 - (-7 - -1)).
6
Calculate 10 + -5 - 5 - -5.
5
What is -6 + -52 + 46 + (20 - 1)?
7
(-11 - -24) + -1 + -15